{"id":61,"date":"2023-02-14T18:14:52","date_gmt":"2023-02-14T17:14:52","guid":{"rendered":"http:\/\/aucoindufeutheatre.fr\/?page_id=61"},"modified":"2024-06-26T15:26:27","modified_gmt":"2024-06-26T13:26:27","slug":"qui-sommes-nous","status":"publish","type":"page","link":"https:\/\/aucoindufeutheatre.fr\/index.php\/qui-sommes-nous\/","title":{"rendered":"Qui sommes-nous\u00a0?"},"content":{"rendered":"\n<figure class=\"wp-block-image size-full\"><img loading=\"lazy\" decoding=\"async\" width=\"1000\" height=\"344\" src=\"http:\/\/aucoindufeutheatre.fr\/wp-content\/uploads\/2023\/02\/Manue-Anne.jpg\" alt=\"\" class=\"wp-image-174\" srcset=\"https:\/\/aucoindufeutheatre.fr\/wp-content\/uploads\/2023\/02\/Manue-Anne.jpg 1000w, https:\/\/aucoindufeutheatre.fr\/wp-content\/uploads\/2023\/02\/Manue-Anne-300x103.jpg 300w, https:\/\/aucoindufeutheatre.fr\/wp-content\/uploads\/2023\/02\/Manue-Anne-768x264.jpg 768w\" sizes=\"auto, (max-width: 1000px) 100vw, 1000px\" \/><\/figure>\n\n\n\n<p>La troupe \u00ab&nbsp;<strong>Au Coin Du Feu Ou Du Barbeuc \u00c7a D\u00e9pend Des Saisons&nbsp;\u00bb<\/strong> est n\u00e9e en 2017 avec&nbsp; pour objectif la cr\u00e9ation d\u2019un spectacle \u00e0 jouer en appartements <strong><em>\u00ab&nbsp;C\u2019est Beau&nbsp;\u00bb<\/em><\/strong> de Nathalie Sarraute.<\/p>\n\n\n\n<p>La troupe s\u2019adresse \u00e0 des adultes, de tous \u00e2ges.<\/p>\n\n\n\n<p>Le choix de nos textes est guid\u00e9 par une volont\u00e9 d\u2019originalit\u00e9 de la cr\u00e9ation.<\/p>\n\n\n\n<p>L\u2019ouverture de la troupe se fait principalement \u00e0 partir d\u2019un&nbsp; atelier th\u00e9\u00e2tre qui est reconduit tous les ans depuis 2019.<\/p>\n\n\n\n<p>Nous sommes ouverts \u00e0 rencontrer toute personne int\u00e9ress\u00e9e par le spectacle vivant, avec un int\u00e9r\u00eat bien s\u00fbr pour la com\u00e9die mais aussi pour les d\u00e9cors, la musique ou les costumes.<\/p>\n\n\n\n<p>Notre domaine d\u2019activit\u00e9 est strictement amateur.<\/p>\n\n\n\n<p>Notre d\u00e9marche se situe dans la volont\u00e9 de monter des projets originaux, maitris\u00e9s, travaill\u00e9s, imaginatifs capables de toucher un public large sans d\u00e9magogie. Nous sommes bas\u00e9es \u00e0 Lomme. N\u2019h\u00e9sitez pas \u00e0 nous contacter.<strong>\u00ab&nbsp;theatreaucoindufeu@gmail.com&nbsp;\u00bb<\/strong><\/p>\n\n\n\n<figure class=\"wp-block-image size-full\"><img loading=\"lazy\" decoding=\"async\" width=\"2560\" height=\"1706\" src=\"https:\/\/aucoindufeutheatre.fr\/wp-content\/uploads\/2024\/01\/148-ACTE-3-Louise-Daniela-Augustine-Chloe-Gaby-scaled.jpg\" alt=\"\" class=\"wp-image-605\" srcset=\"https:\/\/aucoindufeutheatre.fr\/wp-content\/uploads\/2024\/01\/148-ACTE-3-Louise-Daniela-Augustine-Chloe-Gaby-scaled.jpg 2560w, https:\/\/aucoindufeutheatre.fr\/wp-content\/uploads\/2024\/01\/148-ACTE-3-Louise-Daniela-Augustine-Chloe-Gaby-300x200.jpg 300w, https:\/\/aucoindufeutheatre.fr\/wp-content\/uploads\/2024\/01\/148-ACTE-3-Louise-Daniela-Augustine-Chloe-Gaby-1024x683.jpg 1024w, https:\/\/aucoindufeutheatre.fr\/wp-content\/uploads\/2024\/01\/148-ACTE-3-Louise-Daniela-Augustine-Chloe-Gaby-768x512.jpg 768w, https:\/\/aucoindufeutheatre.fr\/wp-content\/uploads\/2024\/01\/148-ACTE-3-Louise-Daniela-Augustine-Chloe-Gaby-1536x1024.jpg 1536w, https:\/\/aucoindufeutheatre.fr\/wp-content\/uploads\/2024\/01\/148-ACTE-3-Louise-Daniela-Augustine-Chloe-Gaby-2048x1365.jpg 2048w, https:\/\/aucoindufeutheatre.fr\/wp-content\/uploads\/2024\/01\/148-ACTE-3-Louise-Daniela-Augustine-Chloe-Gaby-1200x800.jpg 1200w, https:\/\/aucoindufeutheatre.fr\/wp-content\/uploads\/2024\/01\/148-ACTE-3-Louise-Daniela-Augustine-Chloe-Gaby-1980x1320.jpg 1980w\" sizes=\"auto, (max-width: 2560px) 100vw, 2560px\" \/><\/figure>\n","protected":false},"excerpt":{"rendered":"<p>La troupe \u00ab&nbsp;Au Coin Du Feu Ou Du Barbeuc \u00c7a D\u00e9pend Des Saisons&nbsp;\u00bb est n\u00e9e en 2017 avec&nbsp; pour objectif [&hellip;]<\/p>\n","protected":false},"author":2,"featured_media":0,"parent":0,"menu_order":0,"comment_status":"closed","ping_status":"closed","template":"","meta":{"site-sidebar-layout":"default","site-content-layout":"","ast-site-content-layout":"","site-content-style":"default","site-sidebar-style":"default","ast-global-header-display":"","ast-banner-title-visibility":"","ast-main-header-display":"","ast-hfb-above-header-display":"","ast-hfb-below-header-display":"","ast-hfb-mobile-header-display":"","site-post-title":"","ast-breadcrumbs-content":"","ast-featured-img":"","footer-sml-layout":"","theme-transparent-header-meta":"","adv-header-id-meta":"","stick-header-meta":"","header-above-stick-meta":"","header-main-stick-meta":"","header-below-stick-meta":"","astra-migrate-meta-layouts":"default","ast-page-background-enabled":"default","ast-page-background-meta":{"desktop":{"background-color":"var(--ast-global-color-4)","background-image":"","background-repeat":"repeat","background-position":"center center","background-size":"auto","background-attachment":"scroll","background-type":"","background-media":"","overlay-type":"","overlay-color":"","overlay-gradient":""},"tablet":{"background-color":"","background-image":"","background-repeat":"repeat","background-position":"center center","background-size":"auto","background-attachment":"scroll","background-type":"","background-media":"","overlay-type":"","overlay-color":"","overlay-gradient":""},"mobile":{"background-color":"","background-image":"","background-repeat":"repeat","background-position":"center center","background-size":"auto","background-attachment":"scroll","background-type":"","background-media":"","overlay-type":"","overlay-color":"","overlay-gradient":""}},"ast-content-background-meta":{"desktop":{"background-color":"var(--ast-global-color-5)","background-image":"","background-repeat":"repeat","background-position":"center center","background-size":"auto","background-attachment":"scroll","background-type":"","background-media":"","overlay-type":"","overlay-color":"","overlay-gradient":""},"tablet":{"background-color":"var(--ast-global-color-5)","background-image":"","background-repeat":"repeat","background-position":"center center","background-size":"auto","background-attachment":"scroll","background-type":"","background-media":"","overlay-type":"","overlay-color":"","overlay-gradient":""},"mobile":{"background-color":"var(--ast-global-color-5)","background-image":"","background-repeat":"repeat","background-position":"center center","background-size":"auto","background-attachment":"scroll","background-type":"","background-media":"","overlay-type":"","overlay-color":"","overlay-gradient":""}},"footnotes":""},"class_list":["post-61","page","type-page","status-publish","hentry"],"_links":{"self":[{"href":"https:\/\/aucoindufeutheatre.fr\/index.php\/wp-json\/wp\/v2\/pages\/61","targetHints":{"allow":["GET"]}}],"collection":[{"href":"https:\/\/aucoindufeutheatre.fr\/index.php\/wp-json\/wp\/v2\/pages"}],"about":[{"href":"https:\/\/aucoindufeutheatre.fr\/index.php\/wp-json\/wp\/v2\/types\/page"}],"author":[{"embeddable":true,"href":"https:\/\/aucoindufeutheatre.fr\/index.php\/wp-json\/wp\/v2\/users\/2"}],"replies":[{"embeddable":true,"href":"https:\/\/aucoindufeutheatre.fr\/index.php\/wp-json\/wp\/v2\/comments?post=61"}],"version-history":[{"count":11,"href":"https:\/\/aucoindufeutheatre.fr\/index.php\/wp-json\/wp\/v2\/pages\/61\/revisions"}],"predecessor-version":[{"id":782,"href":"https:\/\/aucoindufeutheatre.fr\/index.php\/wp-json\/wp\/v2\/pages\/61\/revisions\/782"}],"wp:attachment":[{"href":"https:\/\/aucoindufeutheatre.fr\/index.php\/wp-json\/wp\/v2\/media?parent=61"}],"curies":[{"name":"wp","href":"https:\/\/api.w.org\/{rel}","templated":true}]}}